ctor of 15 and r?
15
Let o(p) be the first derivative of 13*p**3/3 - 3*p**2/2 - p + 1. Let b be o(-3). Suppose 5 = -4*z + b. What is the highest common divisor of z and 30?
30
Suppose -5*y = -31 + 6. Suppose -y*h + 10*h - 90 = 0. What is the highest common factor of 9 and h?
9
Suppose 0*q + 20 = 4*q. Let o = -1984 + 1994. What is the highest common factor of q and o?
5
Suppose 4*r = -0*r + 2*o + 714, r - 5*o - 201 = 0. Let m be 4/2 + -2 + r/4. Calculate the highest common divisor of m and 396.
44
Let n(b) = -3*b**2 + 8*b + 13. Let c be n(3). What is the highest common divisor of c and 10?
10
Let c be ((-18)/(-15))/((-9)/(-120)). Let z(f) = -6*f + 4. Let p be z(0). What is the highest common factor of c and p?
4
Let p = 1256 + -1206. Calculate the highest common divisor of 60 and p.
10
Let n be (-15912)/(-85) - 2/10. Let j = n - 133. Calculate the greatest common factor of 36 and j.
18
Let v(m) = -m - 4*m + 4*m + 2*m + 20. Let z be v(-16). Calculate the highest common factor of 28 and z.
4
Suppose -3*v + 378 = -2*o, 2*o - 7*o = -2*v + 263. Suppose -l = -107 - 72. Let j = l - v. What is the greatest common divisor of 22 and j?
11
Suppose 2*h + 3*h = 55. Suppose -7*m - h = 3*x - 3*m, x = 5*m + 28. Let j = -38 - -41. What is the greatest common factor of x and j?
3
Let x(y) = -9*y - 32. Let g be x(-8). Let j(s) = 4*s**3 - 5*s**2 + 7*s - 2. Let z be j(2). What is the highest common factor of z and g?
8
Let b = 493 - 484. Calculate the greatest common factor of 1089 and b.
9
Let c(d) = d**2 - 3*d + 16. Let x(y) = -y**3 - 6*y**2 - 7*y - 4. Let o be x(-5). Let v be c(o). Calculate the highest common divisor of 17 and v.
17
Suppose -x + 9 = 3. Suppose 2*a = x*a - 36. Let m be (36/8)/(a/48). Calculate the greatest common divisor of m and 96.
24
Let p = -6 + 7. Let h = 249 - 247. Calculate the highest common factor of p and h.
1
Let i = 14 + -18. Let q(u) = u**2 - 3*u - 4. Let y be q(i). What is the highest common factor of y and 24?
24
Suppose -5*d - 6 = u, -4*u + 1 + 9 = 3*d. Suppose -u*v - 2*q = 1 + 3, -4*v + 5*q = -24. Suppose -19 + v = -3*t. What is the greatest common divisor of 12 and t?
6
Let g(s) = -s**3 + 3*s**2 - 1. Let r be g(-3). Let q = r - 2. What is the greatest common divisor of q and 34?
17
Let a = -85 - -120. Let p be (-5)/((-75)/(-20))*-3. Let c be 1/(p/(-8)) - -7. Calculate the highest common factor of c and a.
5
Let k be ((-28)/16)/(-7) + (-3)/12. Suppose k = 13*d - 40 - 558. What is the greatest common divisor of 69 and d?
23
Suppose -d = -0*d. Let f(r) = r**3 - 7*r**2 + r - 2. Let o be f(7). Suppose o*n = -d*n + 30. Calculate the highest common divisor of n and 48.
6
Let n be (126/147)/(1/119). Let v = 116 - n. Let f(k) = 4*k**2 - 3*k + 4. Let h be f(4). What is the greatest common divisor of h and v?
14
Let s = -105 - -109. Calculate the highest common divisor of 22 and s.
2
Suppose -2*c + 0*i - 2*i - 10 = 0, -4*c + 3*i - 55 = 0. Let l = -27 - c. Let b = -9 - l. Calculate the highest common factor of 32 and b.
8
Suppose 0*w = -2*w + 8. Let p(a) = 2*a**2 + 5*a - 4. Let m be p(w). Suppose 41*q + 216 = 1528. Calculate the greatest common factor of q and m.
16
Let r be (32/(-4))/(-4) + 80/2. What is the greatest common factor of 63 and r?
21
Let f = 25 + -25. Let g(j) = j**2 + j + 220. Let l be g(f). What is the highest common factor of l and 20?
20
Let r = 23 - 6. Suppose -2*p + 257 = 5*x, -2*p = 2*x + 2*x - 206. What is the greatest common divisor of x and r?
17
Suppose -d = -5*k + 90, -2*k + 19 = 4*d - d. Suppose k = -a + 34. Let f = 102 + -17. What is the highest common divisor of f and a?
17
Suppose -5*q = 2*w - 204, w - 4*q = -0*w + 128. Suppose 23 = 3*l - 25. What is the greatest common factor of w and l?
16
Let j = 230 + -165. Let t be 6/9 + (-76)/(-3). Calculate the greatest common factor of j and t.
13
Suppose 0 = -3*k, y - 504 = -2*y - 4*k. Suppose -4*d = -70 - 14. What is the greatest common divisor of d and y?
21
Suppose 17 - 13 = 2*r. Let h be (-11 + 12)/(r/42). What is the greatest common divisor of h and 7?
7
Let l = -27 - -54. Let d be (4*-1)/(1792/(-133056)). Calculate the highest common divisor of l and d.
27
Suppose -12*l = -13*l + 2. Let v = l - -2. Let y(u) = -u**3 - 3*u**2 + u + 4. Let k be y(-3). Calculate the greatest common divisor of k and v.
1
Suppose 0 = 12*x - 315 - 813. Let u = x + -80. What is the highest common divisor of u and 35?
7
Suppose -5*n + 3*n + 7*n = 0. Let x be 9/(-6)*(-8)/3. Suppose x*o - l = 284, 5*l = -n*o + 3*o - 230. What is the highest common divisor of o and 14?
14
Let z = 729 + -315. What is the greatest common divisor of 46 and z?
46
Let a be (-1)/((20/(-56))/(-5)). Let f be (-12)/a + -1 - 506/(-14). What is the greatest common factor of 54 and f?
18
Let k(u) = 55*u**2 + u + 2. Let g be k(2). What is the greatest common factor of 70 and g?
14
Let m = 1024 - -86. Calculate the highest common factor of 333 and m.
111
Let q = -15 + 25. Let h(z) = 115*z**2 - 11. Let x(n) = 38*n**2 - 4. Let o(b) = 3*h(b) - 8*x(b). Let l be o(-1). What is the greatest common divisor of q and l?
10
Suppose -3*l - l = c + 137, -133 = c + 2*l. Let p be (0/(-3) - -2) + c. Let r be 2 - (p - (2 - -1)). What is the greatest common divisor of 12 and r?
12
Let x(n) = -46*n + 2. Let r be x(-3). Suppose r = 4*o + 3*q - 55, -3*o - 3*q = -147. Suppose 2*a + a - o = 0. Calculate the greatest common factor of 40 and a.
8
Suppose 3*v - 2*a - 355 = 0, -v + 410*a = 411*a - 115. What is the greatest common factor of 63 and v?
9
Let o(v) = 36*v**2 - v. Let t be o(1). Let g be 6/((2 + -4)*4/(-12)). Suppose -4*u + t + g = 0. What is the greatest common divisor of 11 and u?
11
Let q(z) = -6*z**2 - 12*z + 3. Let r be q(-2). Suppose 3*t + 0*t - 18 = 0. Calculate the highest common factor of r and t.
3
Let j = -167 + 104. Let o be (-2034)/j - (-6)/(-21). Let s(t) = 32*t. Let i be s(1). Calculate the greatest common divisor of o and i.
32
Let l be 1*34/14 - 704/(-1232). What is the greatest common factor of 24 and l?
3
Let b(t) = -26*t**2 - 7*t**3 + 13*t + 5*t**3 + 13 + 3*t**2. Let x be b(-12). What is the greatest common divisor of x and 5?
1
Let i = 223 + -220. Let g be (-8)/4 + 21 + 2. Calculate the highest common factor of g and i.
3
Let g(x) = 10*x**2 - 8*x + 1. Let o be g(1). Suppose 5*i = -2*y + 280, -6*y + 2*y - 168 = -o*i. Calculate the highest common divisor of i and 28.
28
Suppose 5*p + 66 = -a + 5*a, 3*p - 44 = -2*a. Calculate the greatest common factor of 3097 and a.
19
Suppose -6*v + 75 = -5*v. Let t be v/(-10)*(-3 + 1). Calculate the greatest common divisor of 195 and t.
15
Let b = 136 + 46. Let i(c) = -27*c**3 - c**2 - c - 1. Let l be i(-1). What is the greatest common factor of b and l?
26
Suppose -5*h - 325 = -2*w, 5*h - 125 = w - 2*w. Let a = -102 + w. What is the greatest common divisor of 72 and a?
24
Let a(p) = 4*p - 9. Let z be a(7). Suppose z*c + 24 = 21*c. What is the greatest common divisor of 96 and c?
12
Suppose -3*d = -4*d + 32. Let q be (5/15)/(4/384). What is the greatest common divisor of q and d?
32
Let u(k) = 2*k + 6. Let s be u(5). Suppose -s = -3*i - 4. Suppose -15 = d - 27. What is the greatest common factor of i and d?
4
Let l(r) = 7*r - 15. Let p be l(-3). Let b = 52 + p. Let u(v) = 2*v - 2. Let n be u(5). Calculate the highest common divisor of b and n.
8
Let t(l) = -l**3 + 7*l**2 + l - 3. Let g be t(7). Let q be (3 - 10/4)*-26. Let a = 14 + q. What is the greatest common factor of g and a?
1
Let n be 6/(-10) + 138/30. Let q(v) = 4*v**2. Let x be q(n). Suppose 2*l - 64 = x. What is the highest common factor of l and 16?
16
Suppose 4*g = f + 40, -4*f = -3*g - 0*f + 17. Suppose 4*k = -2*k + 756. Suppose 0 = -3*n + k - 27. What is the highest common divisor of n and g?
11
Suppose 87*v = 90*v - 5*q, 0 = 2*v + q - 13. Let t = 131 + -86. Calculate the highest common divisor of v and t.
5
Let v = -98 - -93. Let x(l) = 2*l**2 - 8*l - 50. Let c be x(v). What is the greatest common factor of 5 and c?
5
Let h be (-3)/4 - 507/(-4). Suppose 16 = k - 2*l, 0 = l + 3 - 2. Calculate the highest common divisor of k and h.
14
Let h be -12 - 2483/(-117) - (-4)/(-18). Calculate the greatest common factor of h and 45.
9
Let o be (16/12 + 0)*-12. Let t = o + 103. Calculate the greatest common factor of 29 and